(2528 - 2543) + -15 + 0 + -1.
-31
Calculate 0 - 4 - (-1 + -11 + (24 - 93) + -5).
82
What is the value of -213 - (-247 - -50 - -92)?
-108
5 - (6 - -6) - -18 - (7 + -9 + 62)
-49
What is (1 - (10 + -2)) + 21 + (18 - -11 - 6)?
37
What is the value of 36 + (-62 - -32) - 27?
-21
What is the value of 9 + 22 + 49 - (-5 - (-10 - (5 - 4)))?
74
Calculate 46 + (45 - 84 - 14).
-7
Calculate (-21 - (-19 - 24) - 10) + 1 + -16 + -103.
-106
What is the value of 6 + 17 - (45 + (20 - 7))?
-35
Evaluate (-65 - -67) + -12 + 1 - -9 - 15.
-15
Calculate 5 + 25 + -27 + 11.
14
What is the value of 42 + -78 + 43 + (23 - 5)?
25
0 + -3 - 4 - ((-233 - -467) + -218)
-23
Evaluate 52 - (7 + -2 + -10 + 15 + -11 + -11).
64
What is 64 - ((-47 - -20) + 46)?
45
Evaluate -16 + 15 + (-8 - -2) + (0 - -12).
5
Calculate 348 + -238 - 8 - (-1 - -39).
64
Evaluate -74 + -11 - -70 - (-1 - (2 - -63)).
51
What is the value of -178 + 196 + (-31 - 3)?
-16
Calculate 2 - 2 - 6 - (939 + -943) - -76.
74
What is the value of -303 + 300 + (13 + -7 - 5)?
-2
What is the value of (-2 + 0 - (5 - -5)) + 43 + 0?
31
Evaluate (3 - ((-4 - 93) + -8)) + (-11 - -10).
107
Evaluate -6 - (-1 + 4 + 12 + (3 + 10 - 16)).
-18
Evaluate -12 + 2 + (-6 - -11) + (28 - -6 - 12).
17
-9 - -36 - (-537 + 643)
-79
Evaluate 25 + (-4 - 4) - (17 + 9 + 3).
-12
What is the value of (34 - 18) + (3 - 81) + -14 + -19?
-95
Calculate (-2 - (-23 + -4)) + (-808 - -701).
-82
What is the value of 6 - -4 - (-82 - (61 - 122))?
31
What is 34 - (34 - (29 + -9 - -3))?
23
What is the value of -6 + (-9 - (10 + 14 - 14))?
-25
What is the value of (-4644 - -4568) + (-3 - 36)?
-115
-377 - -357 - (-117 - (2 + 5 + -1))
103
Evaluate -117 - (62 + -215 + 122).
-86
(-12 - (-30 - (-9 - -1))) + (41 - -3)
54
(-74 - -247) + -92 - 58
23
-1 - 16 - ((24 - 26 - 69) + 19)
35
What is the value of (-71 - -28) + 3 - -70?
30
43 + (37 - 81) - (17 + -1 - (-5 + 2))
-20
What is -3 + (2 - -3) + 55 - (11 + -6 + -4)?
56
What is 42 + -44 - (-23 + -2)?
23
-32 + 26 - -3 - (4 + -25)
18
Calculate (-2 - -41) + (3 - (-4 + 2) - 8).
36
Calculate 44 + (116 - -2) - 36 - (-3 + 2 - -6).
121
What is (6 + 15 - 77) + (-53 - -23)?
-86
What is 46 + 44 - (135 - 3)?
-42
(5 - 1) + -47 + 75 + 38
70
Calculate (27 - 0) + 7872 + -7949.
-50
69 - -16 - (20 + -5 - (10 - -4))
84
-1 + 9 + -10 + -1 + 10 + -193 + 188
2
15 + 31 - 58 - -60
48
What is the value of 79 + (-10 - -14) - ((1 - -12) + -1)?
71
Calculate 0 + -18 - (34 + -48 + -2).
-2
What is -38 - (-18 + 19 + -36 + 23)?
-26
What is (-2 + 0 + 21 - (-53 + 77)) + 98?
93
What is the value of (1473 - 1489) + 8 + 0?
-8
Calculate -57 - ((19 + 0 + -3 - -6) + -16).
-63
What is -61 + (-3 - -8) - (-8 - 0 - (3 - 12))?
-57
What is the value of 1 + -4 + -84 + 12 + (-25 + 23 - 1)?
-78
What is the value of 3 - -100 - (110 + 63)?
-70
Evaluate 10 + -32 - (7 + (2 - 10) + 26 + -19).
-28
Calculate -47 + 25 + -15 + 19 - -11.
-7
-5 + 12 + (-36 - -19) + 19 + 1
10
(128 - 98) + (56 - 2) + -33
51
Evaluate (-45 - (-153 + 16)) + 29 + -36.
85
What is the value of -165 + -5 - (-1830 - -1787)?
-127
Evaluate -58 - (59 - 95 - 28).
6
Evaluate (3 - -6) + (-1 - 0 - ((-8 - 27) + -20)).
63
What is the value of -15 + -46 - (-533 - -436)?
36
What is 1063 + -1026 + (-38 - 2)?
-3
-7 + -31 - -23 - -94
79
Calculate 24 + -140 + -50 + 156.
-10
What is the value of -60 - (8 - 0) - (9 - (9 - 3) - 9)?
-62
Calculate 12 + -18 + 54 + (10 - 21).
37
What is (216 - 208) + -5 + 9 + (2 - -47) + -2?
59
What is the value of 4 + 9 - (-11 - -8) - 30?
-14
What is -20 - -29 - (-3 + 150 + 5)?
-143
What is -19 + (24 - (26 - 16) - -10)?
5
Calculate -127 + (-32 - -116) + 9.
-34
What is 4 - 1 - ((12 - (21 - 8)) + (-3 - -13))?
-6
Calculate -10 + 0 + 7 + -6 + 8 - 26.
-27
Evaluate 8 - 1 - (-25 - -86 - 83).
29
What is -11 - (10 - (-34 - -48)) - (-5 - 2)?
0
What is the value of 109 + -89 + 188 - 127?
81
What is ((-13 - 1) + 3 - 1) + (130 - 184) - -1?
-65
Calculate 30 + (-12 - -2) + -38.
-18
Calculate 7 + -14 + 11 - (-46 + -4 + 3).
51
32 + -2 + 801 + -831 + -50
-50
Calculate -39 + 33 + -1 + 40.
33
What is the value of 528 + -536 + 18 + 1 - (31 - 0)?
-20
What is (-12 - 36) + 98 + -1 + -21?
28
What is the value of (11 - (5 + (27 - 9))) + -6 + -5?
-23
Evaluate (-40 - (38 - 74) - (-3 + -18 + 1)) + -12.
4
What is the value of (49 - 33) + -33 - -22 - (-2 + (0 - -100))?
-93
-1483 - -1511 - (-6 - -115)
-81
Evaluate 8 + -84 + (3 + -9 - (0 - 0)) - -8.
-74
Calculate 53 + -12 + (23 - 82).
-18
Calculate -8 - -1 - 1 - (5 + (0 - -3) + -1).
-15
Evaluate (35560 - 35546) + 3 + -2 + (-140 - 0).
-125
Calculate -40 + (23 - 105) + 102.
-20
What is -6 - ((-88 - -77) + (10 - -1) - -67)?
-73
8 + -5 + (-125 - -5) + 2 + (20 - 32)
-127
What is -272 - -275 - (-1 + 23 + -1) - -111?
93
What is the value of (0 + -7 + 8 - -7) + 3 - (109 + -26)?
-72
What is the value of -1 + 50 + 2474 + -2431 + (-2 - -4 - -7)?
101
What is 94 - ((-11 - (-2 - (-5 + 5))) + (-59 - -62))?
100
What is the value of (22 - 14) + 16 + 36 - 0?
60
Evaluate -8 + 3 + 24 - 20 - 3.
-4
What is (-12 - -8) + (2 - 0) + 36 + (17 - 27)?
24
8 + (-16 - -8) + -5 - (-7 + -1)
3
Evaluate (-62 - (49 + -66)) + -5.
-50
What is -20 + (13 + -41 - -35 - 31)?
-44
Evaluate (2 + 57 - 16) + -18.
25
What is the value of 46 - (-2 + 0 - (3 - (8 + 16 - 12)))?
39
What is the value of -53 + -6 + -33 + 19 + 30?
-43
What is -118 + 112 - (-41 + 4)?
31
What is -28 + 7 + -2 + -23 + 30 + -13?
-29
3 + -5 + 4 + -13 + 10 + -6 - 21
-28
Calculate 3481 + -3484 + (-3 + 3 - 14).
-17
What is (8 - 12) + (-9 - -22 - 45)?
-36
What is the value of (3 - 16) + (-19 - 9) + (2 - 1)?
-40
What is the value of -14 + (1 - -3) + 4 + 61 + (-6 - 0)?
49
Evaluate -2 + 1 + 4 + -2 - ((42 - 17) + 13).
-37
What is 1858 - 1898 - (-1 - 86)?
47
229 + -113 - 106 - (-42 + 0)
52
1 + -46 - (635 - 696)
16
9 - (-42 + -5 - (7 + (-7 - -5) - -6))
67
What is the value of (3 - 1) + (-25 - -36) + 1?
14
What is 22 + -23 - (-104 + 33)?
70
-154 + 348 + 90 + -152
132
What is 42 - (-45 + 94) - -48?
41
(1 - (-24 + -31)) + (-2 - -6)
60
Calculate -8 + 4 - ((-123 - -63) + 59).
-3
What is 10 + 0 + -1 + (-78 - (-127 - -67))?
-9
-5 - (5 - -46) - 5 - (28 - 68 - -38)
-59
What is (51 - (20 + 1 - (-7 + 14))) + -3?
34
Calculate -5 - (-16 + (24 - (34 - 19))).
2
-30 + 6 + -4 + -186 + 222
8
What is the value of 147 + -17 + 29 + -48 + (-19 - -1)?
93
What is the value of -9 - (7 + 1 - ((-4 - 1) + -12 - -30))?
-4
Evaluate -1 + 11 - (4 + ((-27 - -11) + -1 - 41)).
64
What is the value of 40 - 2 - ((-22 - 19) + 23)?
56
What is the value of (246 - 301) + 11 + -1 + (14 - -1)?
-30
What is the value of (58 - 0) + (-1 - ((-2 - -3) + (139 - 127)))?
44
Evaluate 446 - 475 - (8 - 0).
-37
Evaluate -3 - ((84 - 10) + (11 + -14 - 14)).
-60
What is the value of 2 + -4 + (13 - 7) - 4 - 16?
-16
30 - (-136 - -154) - (-2 - (0 - 55))
-41
-64 + -12 + 68 + (26 - 2) + 47
63
Calculate 2 - (52 + -5 + -22 + 3 + 3).
-29
What is 3 + (-34 - (-12 - ((0 - -4) + -2 + -8)))?
-25
Evaluate 1 - 36 - (847 + -901) - (4 - 83).
98
Evaluate 145 + -175 - (5 + 0 - -83).
-118
What is the value of (-20 - (-16 - (-32 + 9))) + 7 + -1?
-21
What is -4 + (14 - 2) + -4 + -5 + -4 + 47?
42
What is -25 + (3 - (-8 + 24 + -10 - -8))?
-36
(-3031 - -2943) + -1 + 97
8
-31 - (-26 + (-8 - -21) + 4 - 3)
-19
-13 + (-3 - (10 - 5)) + (5 - -6)
-10
Calculate (-16 - (-29 - 22)) + -6 + 22.
51
Evaluate 15 + 0 + (2 - -42 - (2046 - 1902)).
-85
What is 58 + (15 + (-16 - 14) - (-9 + -9)) + 9?
70
Calculate -58 - -59 - (6 - (5 - 0) - -32).
-32
Evaluate (-23 - 0) + (29 + -7 - 14) - (231 - 191).
-55
-6 + 17 + (1 - (-20 - -13))
19
Evaluate (26 - 19) + (-10 - (0 + 58)).
-61
Calculate (10396 - 10428) + 0 + 144.
112
27 - (39 + -68 - -20)
36
Calculate (-42 - -2) + (-970 - -1000) + (3 - -83).
76
What is the value of 28 - (-98 - -37 - -122)?
-33
Calculate 124 - (148 + 15) - (-1 - 169).
131
What is the value of (3 - -1) + 27 + -15 + 16 + -18 + -64?
-50
-211 - (-104 - -1) - -194
86
-31 + 1 - ((-110 - -119) + -96)
57
-33 + (82 - (7 + -8))
50
What is -27 - ((75 - 99) + 57)?
-60
What is the value of (-54 + (-18 - -36) - 21) + 1 + (-3 - -4)?
-55
Evaluate -17 - (-101 - (9 + -39)).
54
What is the value of -202 - (-81 - 95) - (44 - -1)?
-71
What is -13 + 8 + (-9 - -12) + (-1 - 25)?
-28
What is the value of -3 + -2 - (-2 - -49) - (-84 + 17 + 81)?
-66
Calculate -12 + -26 + -73 - (-4 + 3